
-7
Calculate -9 + -1 + 0 + 6.
-4
What is the value of 9 - (2 - (-5 - -2 - -5))?
9
Evaluate (3 - 3) + 1 + 2 + -7.
-4
Evaluate 4 - (-11 + (4 - -6)).
5
(0 - -6) + -12 + 2
-4
Evaluate (-8 - 9) + 6 - -7.
-4
(-7 - -10) + (0 - 0) + 1
4
Evaluate 0 - (5 + -3 + 2).
-4
What is 10 + (-6 - 0) - 8?
-4
Evaluate (3 - (-4 + -2)) + -5 - -3.
7
Evaluate 1 - (0 + -1 + 0).
2
Calculate -3 - (0 - (-1 - -1)).
-3
2 - (27 - 13) - -12
0
Calculate 3 + -4 + 4 + -4 - -1.
0
Evaluate 0 + 5 + -3 + -2.
0
Calculate 4 - (0 + 1) - 3.
0
Evaluate -10 + 10 - (-11 - -4).
7
1 + 2 + -9 + (10 - 6)
-2
Evaluate 5 + (3 - (6 + -1)) + -3.
0
What is -3 + -1 + 0 + 1 + 0?
-3
Calculate -9 + (-1 + 11 - 6) + 0.
-5
What is 2 + (-4 - 8) + 6 + 9?
5
Evaluate (0 - 2) + -38 + 33.
-7
Evaluate 1 + (0 - (8 + -2)).
-5
-32 + 29 - (1 - -2 - 11)
5
What is the value of -3 - (-9 - (-4 + (-3 - -1)))?
0
(19 - 14) + (1 - -1 - 5)
2
What is 6 + -6 + 0 + -2 + -5?
-7
-35 + 39 - (0 + 1)
3
What is the value of 1 + -1 + (2 - 3 - 2)?
-3
-3 - (8 - 5) - (-7 + 1)
0
What is 0 + -3 + (-5 - (6 + -9))?
-5
What is the value of 4 + 7 + -17 + 0?
-6
((2 - 4) + 1 - -5) + -7
-3
Calculate -3 + (3 - 9) - -5.
-4
Calculate 18 + -16 + 1 + (1 - -1).
5
Calculate (-3 - (11 - 4)) + 5.
-5
Evaluate 1 + -12 + 10 + -13 + 9.
-5
What is (0 - -1) + -4 + 7?
4
(6 - 6) + 3 - 4 - 6
-7
-4 + 5 + -4 + 4 + -3
-2
What is -5 + (8 - 7) - 4?
-8
What is the value of 7 - 0 - (-16 - -30)?
-7
What is 4 + 0 - (-32 + 42)?
-6
What is the value of (10 - 16 - 0) + -1?
-7
Calculate 3 - 1 - (7 + 0 - 7).
2
Calculate 4 - (1 - (1 + -2) - -1).
1
2 + (-6 - -3) + 1
0
28 + -23 + 1 + -8 + 0
-2
Evaluate -17 + 10 - (1 + -16).
8
Evaluate -6 + -2 + (-18 - -21) - -3.
-2
What is the value of 5 + -4 + 2 + 0?
3
What is -3 - 5 - (-5 + 0)?
-3
(-3 - 1) + -1 - -5
0
Calculate -3 + 4 - (-30 - -36).
-5
Evaluate (-5 + 2 - -4) + 0 + 3.
4
13 - (-1 + -5 - -13)
6
(-5 - -2) + 6 - 2
1
What is -7 + (8 - (6 - 8 - -9))?
-6
0 - (1 - (7 - 1))
5
-1 - -10 - (15 - 10)
4
What is the value of (-2 - -6) + -5 + -1?
-2
What is 9 + -8 + (5 - 2)?
4
What is the value of -9 - ((10 - 5) + -9)?
-5
What is the value of 5 - (-5 + 18 + -3)?
-5
(1 - (1 + 0)) + -9 + 12
3
Evaluate -2 + 6 + -4 - -4.
4
What is the value of 3 + -6 + (7 + -2 - -3)?
5
Evaluate -4 + 1 + -10 + 12 + 4.
3
Calculate -2 + (5 - 0) + -1.
2
What is (2 - (3 - -4)) + 2?
-3
What is the value of -8 - (1 - (1 - -3))?
-5
What is the value of 20 - (5 - -7) - 4?
4
Evaluate (5 + (1 - -9) - 2) + -6.
7
What is the value of -38 + 34 - (-12 - -3)?
5
What is (-6 - (9 + -23)) + (1 - 2)?
7
Calculate -24 - -7 - -8 - -8.
-1
What is the value of -21 + 23 - (-3 + 2 - 0)?
3
What is the value of 3 - (1 - 2) - (21 - 14)?
-3
(-9 - -10) + -2 + 4 + -4
-1
-1 + 2 + 0 + -1
0
What is 6 + (-17 - -12 - -2)?
3
Evaluate -8 + (10 - 3 - 7).
-8
Calculate -6 - (7 + -2 + -5).
-6
What is the value of 0 - (-7 - -4 - -3) - 2?
-2
Evaluate 2 - (-7 - -3 - (-7 + 6)).
5
What is the value of (-9 - -10) + 4 + -10?
-5
Evaluate 0 + (6 - 4) + (0 - -1).
3
Evaluate 4 - (8 + -1) - (-3 + 4).
-4
Calculate -1 + 2 + 11 + (-14 - -5).
3
What is the value of (-2 - -5 - 3) + -4 + 11?
7
-1 + (18 - (9 + 1))
7
(6 - 13) + (-2 - -1) - 2
-10
What is the value of -1 + 10 + -55 + 52?
6
What is 3 + (-3 - 1 - 2) - 2?
-5
What is 14 + -6 + -22 + 19?
5
What is the value of -13 + 16 + (-2 - 0 - 4)?
-3
Calculate -10 - -9 - (-3 + 1 - 0).
1
What is the value of 0 - (4 + (6 - 7))?
-3
What is -2 + 7 - (-4 - 2 - -15)?
-4
What is the value of -6 + 1 - (-53 + 56)?
-8
Evaluate 1 + -2 + 6 + -1.
4
What is (-8 - -2) + 7 + 3 - -6?
10
Calculate 0 - (-1 + 5 + -2 - 4).
2
Calculate (11 - 5) + 0 + -4.
2
What is -3 + 0 + (-7 - -5)?
-5
Calculate -2 + 1 + 2 + -3.
-2
What is the value of -2 + (2 - (7 - 9))?
2
What is the value of 6 - (13 + -1) - (0 + -12)?
6
What is the value of 9 + -9 - ((3 - 3) + 0)?
0
Calculate (-18 - -3) + 12 + 2.
-1
What is the value of -1 - (-2 - (-4 + 7))?
4
What is (-4 - (-3 + -3)) + -7?
-5
(1 - 4) + (4 - 0) - 0
1
Calculate 1 - 1 - -4 - (503 + -498).
-1
Calculate -9 + -1 + 13 - (-3 - 0).
6
Evaluate -5 - -6 - 3 - (-9 + 3).
4
What is 3 + -5 + 2 - (-2 - 3)?
5
Evaluate (3 - -5 - 5) + -4 + -1.
-2
Evaluate -9 + (-1 + 11 - -3).
4
Calculate 0 + -2 - (8 + -13 + 3).
0
Evaluate 14 - (10 + (0 - (2 + 1))).
7
Evaluate (-2 - 3) + -3 + (-1 - -10).
1
What is the value of -2 + 2 - 1 - -2 - 1?
0
What is the value of 4 + -3 + -6 + 0?
-5
2 + -5 + (-1 - -4)
0
What is (-1 - -4) + -1 + 2 + -2?
2
Calculate -5 - (-6 + (5 - 1)).
-3
What is the value of -4 - -8 - (4 - 4)?
4
What is (4 - 5) + 2 + 0?
1
-6 - (9 - 25 - -9)
1
(-8 - -28) + -8 - 10
2
Evaluate 6 + 0 + (-52 - -54).
8
Calculate -1 - (-3 - (5 + -6 + -3)).
-2
Evaluate 5 - (3 - (-5 + -1 - -2)).
-2
Evaluate 0 + -5 + (-6 - (1 - 8)).
-4
Evaluate (-1 - 2) + (3 - 1) + 3.
2
What is 4 - -9 - 10 - 11?
-8
What is 10 - 11 - (0 + 0 + 0)?
-1
What is -1 + 2 - 3 - (4 + -8)?
2
What is -1 - ((-2 - 1) + 2)?
0
2 - (-4 + 15 - 12)
3
What is (1 - 9) + 9 - -3?
4
What is -5 + 6 + -4 + 1?
-2
Calculate -3 + 7 - (0 + 6).
-2
What is 1 + (7 + -3 - (-2 - -3))?
4
What is the value of -9 - -13 - (0 + 1)?
3
Evaluate -9 + -1 + 8 + -5.
-7
What is the value of 4 + 6 - 7 - (1 - -3)?
-1
1 - (5 - (2 - -8))
6
1 + 0 + -9 + 6
-2
(-1 - (5 - 7)) + 2
3
Evaluate -5 - (1 + -9 + 5).
-2
What is the value of 0 + 14 + -6 - 4?
4
Evaluate (-1 - (-4 + 5 + 6)) + 5.
-3
What is 10 - (-2 - (-10 - -3))?
5
Calculate (4 - 5) + 1 + -5.
-5
Calculate (-4 + 0 - -6) + -5.
-3
What is 0 + -5 + -2 + 3 + 8?
4
Evaluate 2 + -5 + -1 + 4 + -1.
-1
What is -1 - 10 - -8 - (1 - -2)?
-6
(-11 - -14) + (2 - 4) + 7
8
Calculate 9 - (0 + (9 - 4)).
4
Evaluate -1 + 4 + 0 + -3.
0
Evaluate 13 - (-7 + (9 - 1) - -6).
6
0 + 3 + 0 - 7
-4
What is 0 + 6 + -3 - (4 + -1)?
0
Evaluate (0 - (-4 + -4 + 9)) + -4.
-5
What is -13 - (-11 - (16 + -12))?
2
Calculate 2 + 0 - (3 + 4 - 2).
-3
Calculate (3 - 11) + (6 - 0).
-2
Evaluate -4 + (3 - (-3 + 2 + 5)).
-5
Calculate -16 + 11 - (-9 + -1).
5
What is the value of (1 - (0 + 3)) + 0?
-2
-4 - -6 - -6 - 9
-1
What is -1 + 3 + (16 - -7) + -26?
-1
-5 + (3 - -5) + -6
-3
What is the value of -5 - (2 + (-6 - -4) + -6)?
1
10 + -9 + 10 + -2
9
Calculate 4 - (-2 + 2 - (-1 + -2)).
1
What is the value of 5 + -4 + (-2 - -3) + 4?
6
Calculate -6 + -3 + 3 + 3.
-3
Evaluate 1 + 4 - (-5 + 12).
-2
What is 3 - (2 + 7 - 2)?
-4
Calculate 4 - -2 - 1 - 9.
-4
What is the value of -6 + 2 + 0 - -8?
4
What is the value of (-3 - (-2 + 2)) + (-1 - 1)?
-5
3 - 2 - 11 - -8
-2
Calculate -2 + -1 + (6 - (-6 + 7)).
2
Evaluate (-6 - (-4 + -2)) + -3.
-3
What is 3 + 1 + (7 - 9)?
2
What is -5 + -3 + 12 - 7?
-3
Evaluate 7 + (4 - (5 - (1 + -3))).
4
-14 + 17 - (3 + -3 + 4)
-1
Evaluate (3 - -1) + (3 + 0 - 3).
4
What is 0 + (-2 - -7 - 2)?
3
What is the value of -176 + 187 - (9 - 1)?
3
What is -5 + -2 - -1 - (-68 - -64)?
-2
Evaluate -4 + 0 + (-4 - -14) + -4.
2
Calculate 12 + 13 + (0 - 19).
6
(3 - (-2 - -3)) + 5 - 4
3
Evaluate -11 - -10 - ((1 - 7) + 0).
5
Calculate 6 + 0 - (2 + (0 - 0)).
4
Evaluate 3 - (4 + -9 + (-14 - -19)).
3
What is the value of 284 + -280 - (12 + -1)?
-7
What is 3 + (0 - 6) + (1 - 2)?
-4
What is the value of -7 - (-13 - -5) - (-1 - -6)?
-4
What is -5 + 1 + (9 - 0)?
5
Evaluate -2 - -8 - 0 - (4 + -7).
9
-1 + -4 + 272 + -259
8
0 + (-6 - (-6 - -1))
-1
Evaluate -1 + (6 + -1 - (28 + -30)).
6
-5 + (2 - -7) + (-7 - 0)
-3
What is the value of 24 + (0 - 17) + -5 + -1?
1
What is the value of -6 + 13 + -5 + 3?
5
What is the value of 11 + -7 + 6 + -6?
4
Calculate 2 + (-1 - 0) + -2 + 4.
3
What is -1 + 4 - ((-3 - 1) + 3)?
4
What is 8 + -4 - (0 + (-3 - -2))?
5
Calculate 10 + (4 - 12) + -11.
-9
What is the value of (0 - -9) + -9 - (-7 + 2)?
5
Evaluate (3 - 4 - 3) + 5.
1
What is 3 + 0 + (-6 - 2 - -1)?
-4
Evaluate 7 - (-3 - -11 - 7).
6
-4 - (0 - 2 - (7 + -7))
-2
Evaluate -2 + -5 - (-5 + 2).
-4
Evaluate -9 + -9 + (24 - 8).
-2
0 + (1 - (-3 - -9)) - -3
-2
-12 + 7 + 2 - -4
1
What is the value of -1 - ((-4 - -4) + -3)?
2
What is the value of 6 + -3 - (-7 + 12)?
-2
Evaluate 3 - (-3 + 4) - 2 - -4.
4
What is the value of (-3 - -4) + 0 - (-21 - -14)?
8
What is the value of (4 - (5 + -4)) + -9?
-6
What is 2 + -12 + 5 + 12?
7
Calculate (0 + 6 - (-5 + 8)) + -4.
-1
What is -10 + (7 - (6 + -5))?
-4
What is 7 + -1 + -5 + 4?
5
Calculate 9 + (-12 + -4 - -8).
1
What is the value of 6 - (2 - (-2 - -3 - 2))?
3
What is -5 -